 highest common divisor of 4383 and 9.
9
What is the greatest common divisor of 30 and 5190?
30
Calculate the greatest common factor of 35 and 11270.
35
Calculate the greatest common factor of 81 and 117.
9
What is the highest common factor of 37 and 148?
37
What is the greatest common divisor of 29 and 1?
1
What is the greatest common factor of 29442 and 42?
42
Calculate the highest common divisor of 3 and 29.
1
What is the highest common divisor of 4 and 628?
4
What is the highest common factor of 558 and 434?
62
Calculate the highest common factor of 9220 and 20.
20
Calculate the greatest common factor of 186 and 403.
31
Calculate the highest common factor of 4 and 12.
4
Calculate the highest common divisor of 23 and 2.
1
Calculate the highest common factor of 85 and 1105.
85
What is the highest common factor of 1368 and 828?
36
What is the greatest common factor of 282 and 4606?
94
What is the greatest common factor of 91 and 923?
13
What is the greatest common factor of 34 and 1411?
17
What is the highest common divisor of 100 and 40?
20
What is the greatest common factor of 174 and 638?
58
What is the greatest common divisor of 61415 and 142?
71
Calculate the highest common divisor of 1219 and 23.
23
Calculate the greatest common factor of 120 and 168.
24
Calculate the greatest common divisor of 518 and 74.
74
What is the highest common divisor of 2321 and 11?
11
Calculate the highest common divisor of 95 and 722.
19
Calculate the highest common divisor of 4980 and 6.
6
Calculate the highest common factor of 288 and 9.
9
What is the greatest common divisor of 522 and 116?
58
Calculate the highest common factor of 187 and 119.
17
What is the greatest common factor of 6170 and 10?
10
What is the highest common factor of 8 and 184?
8
Calculate the greatest common factor of 10 and 35.
5
What is the highest common factor of 38 and 1178?
38
Calculate the highest common divisor of 3450 and 2250.
150
What is the greatest common factor of 1157 and 13?
13
What is the highest common divisor of 318 and 19398?
318
What is the highest common factor of 18 and 153?
9
What is the greatest common divisor of 4977 and 273?
21
What is the greatest common factor of 22 and 5346?
22
Calculate the greatest common divisor of 441 and 45.
9
Calculate the highest common factor of 1160 and 1595.
145
Calculate the greatest common divisor of 87 and 14297.
29
What is the greatest common divisor of 108 and 36?
36
What is the greatest common factor of 4697 and 7?
7
What is the greatest common factor of 110 and 7535?
55
Calculate the greatest common divisor of 37 and 111.
37
Calculate the highest common divisor of 8 and 1352.
8
Calculate the greatest common factor of 132 and 354.
6
What is the greatest common factor of 767 and 104?
13
Calculate the greatest common factor of 287 and 28.
7
Calculate the greatest common factor of 6 and 138.
6
Calculate the highest common factor of 115 and 644.
23
Calculate the greatest common divisor of 45 and 5.
5
Calculate the highest common factor of 144 and 171.
9
What is the greatest common factor of 1725 and 300?
75
What is the greatest common factor of 35 and 49?
7
Calculate the greatest common factor of 1608 and 312.
24
What is the greatest common factor of 8977 and 94?
47
Calculate the greatest common divisor of 864 and 288.
288
What is the highest common divisor of 1239 and 9?
3
Calculate the greatest common divisor of 85 and 115.
5
Calculate the highest common divisor of 12921 and 531.
177
What is the highest common factor of 312 and 2028?
156
Calculate the highest common factor of 18 and 360.
18
What is the highest common divisor of 236 and 7906?
118
What is the highest common divisor of 152 and 25384?
152
Calculate the highest common divisor of 30 and 110.
10
Calculate the greatest common factor of 120 and 640.
40
What is the highest common factor of 4148 and 204?
68
What is the greatest common divisor of 864 and 64?
32
What is the greatest common divisor of 14 and 15890?
14
Calculate the highest common divisor of 128 and 1136.
16
What is the highest common divisor of 124 and 837?
31
What is the highest common factor of 49666 and 76?
38
What is the highest common divisor of 2795 and 65?
65
What is the highest common factor of 140 and 190?
10
What is the highest common factor of 23092 and 92?
92
Calculate the greatest common divisor of 166 and 581.
83
What is the highest common factor of 384 and 216?
24
Calculate the greatest common factor of 12 and 420.
12
What is the highest common factor of 324 and 675?
27
Calculate the highest common factor of 416 and 156.
52
What is the highest common divisor of 47256 and 132?
132
Calculate the highest common factor of 68 and 23035.
17
Calculate the highest common factor of 822 and 6.
6
What is the greatest common divisor of 6325 and 25?
25
What is the greatest common factor of 144 and 27504?
144
What is the greatest common factor of 456 and 48?
24
Calculate the greatest common divisor of 3546 and 12.
6
Calculate the greatest common factor of 24 and 4152.
24
Calculate the greatest common factor of 96 and 156.
12
Calculate the greatest common divisor of 204 and 60.
12
Calculate the highest common factor of 51 and 1870.
17
Calculate the greatest common divisor of 473 and 559.
43
What is the greatest common factor of 1090 and 10?
10
What is the greatest common divisor of 1875 and 150?
75
Calculate the highest common factor of 316 and 4.
4
What is the greatest common divisor of 116 and 60?
4
Calculate the highest common factor of 222 and 93.
3
Calculate the highest common factor of 190 and 590.
10
Calculate the highest common divisor of 79336 and 211.
211
Calculate the greatest common divisor of 252 and 1701.
63
Calculate the greatest common divisor of 1475 and 59.
59
Calculate the greatest common factor of 6 and 6114.
6
What is the highest common divisor of 1001 and 49?
7
Calculate the greatest common divisor of 530 and 10.
10
Calculate the highest common divisor of 768 and 3.
3
Calculate the highest common divisor of 78 and 208.
26
Calculate the greatest common factor of 869 and 275.
11
What is the greatest common factor of 8 and 9396?
4
What is the highest common divisor of 1004 and 36?
4
Calculate the highest common factor of 24808 and 112.
56
Calculate the greatest common factor of 232 and 72.
8
Calculate the greatest common divisor of 7 and 91.
7
What is the highest common divisor of 112 and 1211?
7
Calculate the highest common factor of 354 and 258.
6
Calculate the greatest common factor of 56 and 329.
7
Calculate the highest common divisor of 774 and 2150.
86
Calculate the greatest common factor of 54 and 2.
2
What is the greatest common divisor of 14 and 245?
7
What is the greatest common divisor of 2907 and 3825?
153
Calculate the greatest common divisor of 152 and 16.
8
What is the highest common divisor of 21406 and 154?
154
Calculate the highest common divisor of 442 and 119.
17
Calculate the greatest common divisor of 55 and 1760.
55
Calculate the greatest common factor of 55 and 75.
5
What is the greatest common divisor of 820 and 68?
4
What is the greatest common factor of 124 and 217?
31
Calculate the greatest common divisor of 12 and 1668.
12
What is the highest common factor of 7503 and 615?
123
What is the greatest common factor of 550 and 11?
11
Calculate the highest common factor of 1 and 53.
1
What is the greatest common factor of 32 and 1208?
8
What is the highest common factor of 195 and 60?
15
Calculate the highest common factor of 950 and 310.
10
Calculate the greatest common factor of 2900 and 174.
58
Calculate the highest common factor of 425 and 1200.
25
Calculate the highest common factor of 29565 and 438.
219
Calculate the highest common divisor of 2776 and 8.
8
What is the greatest common divisor of 5440 and 119?
17
Calculate the greatest common divisor of 1152 and 18.
18
What is the highest common factor of 285 and 30?
15
What is the highest common factor of 22 and 594?
22
Calculate the greatest common factor of 1479 and 87.
87
Calculate the greatest common factor of 736 and 1978.
46
Calculate the greatest common factor of 128 and 1376.
32
Calculate the highest common factor of 13 and 23725.
13
Calculate the highest common divisor of 51 and 37893.
51
What is